{"id":1527,"date":"2024-03-20T12:34:32","date_gmt":"2024-03-20T12:34:32","guid":{"rendered":"https:\/\/educativosmeninheira.com\/imprimibles\/?post_type=product&#038;p=1527"},"modified":"2024-03-20T12:34:33","modified_gmt":"2024-03-20T12:34:33","slug":"mapa-para-el-curriculum-de-geografia-de-la-trasna-meninheira","status":"publish","type":"product","link":"https:\/\/educativosmeninheira.com\/imprimibles\/producto\/mapa-para-el-curriculum-de-geografia-de-la-trasna-meninheira\/","title":{"rendered":"MAPA para el curr\u00edculum de geograf\u00eda de la trasna meninheira"},"content":{"rendered":"<p>Como ya sabes, la <a class=\"link_stile02\" href=\"https:\/\/www.teacherspayteachers.com\/Product\/La-trasna-meninheira-5819275\" target=\"_blank\" rel=\"noopener\">trasna meninheira <\/a>te guiar\u00e1 en tu <a href=\"https:\/\/www.educativosmeninheira.com\/formacion\/unviajeimaginario\/index.html\"><strong>viaje imaginario<\/strong><\/a>.<\/p>\n<p>Todos los buenos exploradores tienen un estudio en d\u00f3nde se pueden encontrar cosas bonitas que han ido recopilando de sus viajes, o que simplemente son inspiradoras para so\u00f1ar. Esta trasna cree fervientemente que debemos rodearnos (y rodear a nuestros hijos) de las cosas m\u00e1s bonitas, de lo mejor que podamos ofrecerles y alejarlos de la mediocridad, pues estas cosas son un\u00a0<strong>alimento para el alma<\/strong> que les va a enriquecer como personas. Dec\u00eda\u00a0Charlotte Mason que una idea inspiradora pod\u00eda iniciar una corriente de pensamiento, as\u00ed que alimentemos a nuestros ni\u00f1os con un entorno inspirador.<\/p>\n<p><strong>Para decorar nuestra sala<\/strong> vamos a necesitar un poco de imaginaci\u00f3n, buen gusto y dejarnos guiar por el coraz\u00f3n. Yo te voy a ayudar un poquito con un mapa del mundo con animales, algunos monumentos,&#8230;<\/p>\n<h2 style=\"text-align: center;\">DESCARGALO <a href=\"https:\/\/www.educativosmeninheira.com\/formacion\/unviajeimaginario\/download\/Adorna_tu_sala-MAPA%20ANIMALES.pdf\">AQU\u00cd<\/a><\/h2>\n","protected":false},"excerpt":{"rendered":"<p>Como ya sabes, la trasna meninheira te guiar\u00e1 en tu viaje imaginario. Todos los buenos exploradores tienen un estudio en d\u00f3nde se pueden encontrar cosas bonitas que han ido recopilando de sus viajes, o que simplemente son inspiradoras para so\u00f1ar. Esta trasna cree fervientemente que debemos rodearnos (y rodear a nuestros hijos) de las cosas [&hellip;]<\/p>\n","protected":false},"featured_media":1528,"comment_status":"open","ping_status":"closed","template":"","meta":{"site-sidebar-layout":"default","site-content-layout":"default","ast-site-content-layout":"","site-content-style":"default","site-sidebar-style":"default","ast-global-header-display":"","ast-banner-title-visibility":"","ast-main-header-display":"","ast-hfb-above-header-display":"","ast-hfb-below-header-display":"","ast-hfb-mobile-header-display":"","site-post-title":"","ast-breadcrumbs-content":"","ast-featured-img":"","footer-sml-layout":"","theme-transparent-header-meta":"default","adv-header-id-meta":"","stick-header-meta":"","header-above-stick-meta":"","header-main-stick-meta":"","header-below-stick-meta":"","astra-migrate-meta-layouts":"default","ast-page-background-enabled":"default","ast-page-background-meta":{"desktop":{"background-color":"var(--ast-global-color-4)","background-image":"","background-repeat":"repeat","background-position":"center center","background-size":"auto","background-attachment":"scroll","background-type":"","background-media":"","overlay-type":"","overlay-color":"","overlay-gradient":""},"tablet":{"background-color":"","background-image":"","background-repeat":"repeat","background-position":"center center","background-size":"auto","background-attachment":"scroll","background-type":"","background-media":"","overlay-type":"","overlay-color":"","overlay-gradient":""},"mobile":{"background-color":"","background-image":"","background-repeat":"repeat","background-position":"center center","background-size":"auto","background-attachment":"scroll","background-type":"","background-media":"","overlay-type":"","overlay-color":"","overlay-gradient":""}},"ast-content-background-meta":{"desktop":{"background-color":"var(--ast-global-color-5)","background-image":"","background-repeat":"repeat","background-position":"center center","background-size":"auto","background-attachment":"scroll","background-type":"","background-media":"","overlay-type":"","overlay-color":"","overlay-gradient":""},"tablet":{"background-color":"var(--ast-global-color-5)","background-image":"","background-repeat":"repeat","background-position":"center center","background-size":"auto","background-attachment":"scroll","background-type":"","background-media":"","overlay-type":"","overlay-color":"","overlay-gradient":""},"mobile":{"background-color":"var(--ast-global-color-5)","background-image":"","background-repeat":"repeat","background-position":"center center","background-size":"auto","background-attachment":"scroll","background-type":"","background-media":"","overlay-type":"","overlay-color":"","overlay-gradient":""}}},"product_cat":[15,33,42],"product_tag":[],"class_list":{"0":"post-1527","1":"product","2":"type-product","3":"status-publish","4":"has-post-thumbnail","6":"product_cat-sin-categorizar","7":"product_cat-curriculum-de-geografia","8":"product_cat-regalos","9":"desktop-align-left","10":"tablet-align-left","11":"mobile-align-left","13":"first","14":"instock","15":"taxable","16":"shipping-taxable","17":"product-type-simple"},"yoast_head":"<!-- This site is optimized with the Yoast SEO plugin v22.4 - https:\/\/yoast.com\/wordpress\/plugins\/seo\/ -->\n<title>MAPA para el curr\u00edculum de geograf\u00eda de la trasna meninheira - Educativos<\/title>\n<meta name=\"robots\" content=\"index, follow, max-snippet:-1, max-image-preview:large, max-video-preview:-1\" \/>\n<link rel=\"canonical\" href=\"https:\/\/educativosmeninheira.com\/imprimibles\/producto\/mapa-para-el-curriculum-de-geografia-de-la-trasna-meninheira\/\" \/>\n<meta property=\"og:locale\" content=\"es_ES\" \/>\n<meta property=\"og:type\" content=\"article\" \/>\n<meta property=\"og:title\" content=\"MAPA para el curr\u00edculum de geograf\u00eda de la trasna meninheira - Educativos\" \/>\n<meta property=\"og:description\" content=\"Como ya sabes, la trasna meninheira te guiar\u00e1 en tu viaje imaginario. Todos los buenos exploradores tienen un estudio en d\u00f3nde se pueden encontrar cosas bonitas que han ido recopilando de sus viajes, o que simplemente son inspiradoras para so\u00f1ar. Esta trasna cree fervientemente que debemos rodearnos (y rodear a nuestros hijos) de las cosas [&hellip;]\" \/>\n<meta property=\"og:url\" content=\"https:\/\/educativosmeninheira.com\/imprimibles\/producto\/mapa-para-el-curriculum-de-geografia-de-la-trasna-meninheira\/\" \/>\n<meta property=\"og:site_name\" content=\"Educativos\" \/>\n<meta property=\"article:modified_time\" content=\"2024-03-20T12:34:33+00:00\" \/>\n<meta property=\"og:image\" content=\"https:\/\/educativosmeninheira.com\/imprimibles\/wp-content\/uploads\/2024\/03\/DOWNLOAD_mapa_animales.png\" \/>\n\t<meta property=\"og:image:width\" content=\"709\" \/>\n\t<meta property=\"og:image:height\" content=\"553\" \/>\n\t<meta property=\"og:image:type\" content=\"image\/png\" \/>\n<meta name=\"twitter:card\" content=\"summary_large_image\" \/>\n<meta name=\"twitter:label1\" content=\"Tiempo de lectura\" \/>\n\t<meta name=\"twitter:data1\" content=\"1 minuto\" \/>\n<script type=\"application\/ld+json\" class=\"yoast-schema-graph\">{\"@context\":\"https:\/\/schema.org\",\"@graph\":[{\"@type\":\"WebPage\",\"@id\":\"https:\/\/educativosmeninheira.com\/imprimibles\/producto\/mapa-para-el-curriculum-de-geografia-de-la-trasna-meninheira\/\",\"url\":\"https:\/\/educativosmeninheira.com\/imprimibles\/producto\/mapa-para-el-curriculum-de-geografia-de-la-trasna-meninheira\/\",\"name\":\"MAPA para el curr\u00edculum de geograf\u00eda de la trasna meninheira - Educativos\",\"isPartOf\":{\"@id\":\"https:\/\/educativosmeninheira.com\/imprimibles\/#website\"},\"primaryImageOfPage\":{\"@id\":\"https:\/\/educativosmeninheira.com\/imprimibles\/producto\/mapa-para-el-curriculum-de-geografia-de-la-trasna-meninheira\/#primaryimage\"},\"image\":{\"@id\":\"https:\/\/educativosmeninheira.com\/imprimibles\/producto\/mapa-para-el-curriculum-de-geografia-de-la-trasna-meninheira\/#primaryimage\"},\"thumbnailUrl\":\"https:\/\/educativosmeninheira.com\/imprimibles\/wp-content\/uploads\/2024\/03\/DOWNLOAD_mapa_animales.png\",\"datePublished\":\"2024-03-20T12:34:32+00:00\",\"dateModified\":\"2024-03-20T12:34:33+00:00\",\"breadcrumb\":{\"@id\":\"https:\/\/educativosmeninheira.com\/imprimibles\/producto\/mapa-para-el-curriculum-de-geografia-de-la-trasna-meninheira\/#breadcrumb\"},\"inLanguage\":\"es\",\"potentialAction\":[{\"@type\":\"ReadAction\",\"target\":[\"https:\/\/educativosmeninheira.com\/imprimibles\/producto\/mapa-para-el-curriculum-de-geografia-de-la-trasna-meninheira\/\"]}]},{\"@type\":\"ImageObject\",\"inLanguage\":\"es\",\"@id\":\"https:\/\/educativosmeninheira.com\/imprimibles\/producto\/mapa-para-el-curriculum-de-geografia-de-la-trasna-meninheira\/#primaryimage\",\"url\":\"https:\/\/educativosmeninheira.com\/imprimibles\/wp-content\/uploads\/2024\/03\/DOWNLOAD_mapa_animales.png\",\"contentUrl\":\"https:\/\/educativosmeninheira.com\/imprimibles\/wp-content\/uploads\/2024\/03\/DOWNLOAD_mapa_animales.png\",\"width\":709,\"height\":553},{\"@type\":\"BreadcrumbList\",\"@id\":\"https:\/\/educativosmeninheira.com\/imprimibles\/producto\/mapa-para-el-curriculum-de-geografia-de-la-trasna-meninheira\/#breadcrumb\",\"itemListElement\":[{\"@type\":\"ListItem\",\"position\":1,\"name\":\"Home\",\"item\":\"https:\/\/educativosmeninheira.com\/imprimibles\/\"},{\"@type\":\"ListItem\",\"position\":2,\"name\":\"Tienda\",\"item\":\"https:\/\/educativosmeninheira.com\/imprimibles\/tienda\/\"},{\"@type\":\"ListItem\",\"position\":3,\"name\":\"MAPA para el curr\u00edculum de geograf\u00eda de la trasna meninheira\"}]},{\"@type\":\"WebSite\",\"@id\":\"https:\/\/educativosmeninheira.com\/imprimibles\/#website\",\"url\":\"https:\/\/educativosmeninheira.com\/imprimibles\/\",\"name\":\"Educativos\",\"description\":\"\",\"publisher\":{\"@id\":\"https:\/\/educativosmeninheira.com\/imprimibles\/#organization\"},\"potentialAction\":[{\"@type\":\"SearchAction\",\"target\":{\"@type\":\"EntryPoint\",\"urlTemplate\":\"https:\/\/educativosmeninheira.com\/imprimibles\/?s={search_term_string}\"},\"query-input\":\"required name=search_term_string\"}],\"inLanguage\":\"es\"},{\"@type\":\"Organization\",\"@id\":\"https:\/\/educativosmeninheira.com\/imprimibles\/#organization\",\"name\":\"Educativos\",\"url\":\"https:\/\/educativosmeninheira.com\/imprimibles\/\",\"logo\":{\"@type\":\"ImageObject\",\"inLanguage\":\"es\",\"@id\":\"https:\/\/educativosmeninheira.com\/imprimibles\/#\/schema\/logo\/image\/\",\"url\":\"https:\/\/educativosmeninheira.com\/imprimibles\/wp-content\/uploads\/2024\/03\/LOGO-Educativos-meninheira.png\",\"contentUrl\":\"https:\/\/educativosmeninheira.com\/imprimibles\/wp-content\/uploads\/2024\/03\/LOGO-Educativos-meninheira.png\",\"width\":2194,\"height\":2145,\"caption\":\"Educativos\"},\"image\":{\"@id\":\"https:\/\/educativosmeninheira.com\/imprimibles\/#\/schema\/logo\/image\/\"}}]}<\/script>\n<!-- \/ Yoast SEO plugin. -->","yoast_head_json":{"title":"MAPA para el curr\u00edculum de geograf\u00eda de la trasna meninheira - Educativos","robots":{"index":"index","follow":"follow","max-snippet":"max-snippet:-1","max-image-preview":"max-image-preview:large","max-video-preview":"max-video-preview:-1"},"canonical":"https:\/\/educativosmeninheira.com\/imprimibles\/producto\/mapa-para-el-curriculum-de-geografia-de-la-trasna-meninheira\/","og_locale":"es_ES","og_type":"article","og_title":"MAPA para el curr\u00edculum de geograf\u00eda de la trasna meninheira - Educativos","og_description":"Como ya sabes, la trasna meninheira te guiar\u00e1 en tu viaje imaginario. Todos los buenos exploradores tienen un estudio en d\u00f3nde se pueden encontrar cosas bonitas que han ido recopilando de sus viajes, o que simplemente son inspiradoras para so\u00f1ar. Esta trasna cree fervientemente que debemos rodearnos (y rodear a nuestros hijos) de las cosas [&hellip;]","og_url":"https:\/\/educativosmeninheira.com\/imprimibles\/producto\/mapa-para-el-curriculum-de-geografia-de-la-trasna-meninheira\/","og_site_name":"Educativos","article_modified_time":"2024-03-20T12:34:33+00:00","og_image":[{"width":709,"height":553,"url":"https:\/\/educativosmeninheira.com\/imprimibles\/wp-content\/uploads\/2024\/03\/DOWNLOAD_mapa_animales.png","type":"image\/png"}],"twitter_card":"summary_large_image","twitter_misc":{"Tiempo de lectura":"1 minuto"},"schema":{"@context":"https:\/\/schema.org","@graph":[{"@type":"WebPage","@id":"https:\/\/educativosmeninheira.com\/imprimibles\/producto\/mapa-para-el-curriculum-de-geografia-de-la-trasna-meninheira\/","url":"https:\/\/educativosmeninheira.com\/imprimibles\/producto\/mapa-para-el-curriculum-de-geografia-de-la-trasna-meninheira\/","name":"MAPA para el curr\u00edculum de geograf\u00eda de la trasna meninheira - Educativos","isPartOf":{"@id":"https:\/\/educativosmeninheira.com\/imprimibles\/#website"},"primaryImageOfPage":{"@id":"https:\/\/educativosmeninheira.com\/imprimibles\/producto\/mapa-para-el-curriculum-de-geografia-de-la-trasna-meninheira\/#primaryimage"},"image":{"@id":"https:\/\/educativosmeninheira.com\/imprimibles\/producto\/mapa-para-el-curriculum-de-geografia-de-la-trasna-meninheira\/#primaryimage"},"thumbnailUrl":"https:\/\/educativosmeninheira.com\/imprimibles\/wp-content\/uploads\/2024\/03\/DOWNLOAD_mapa_animales.png","datePublished":"2024-03-20T12:34:32+00:00","dateModified":"2024-03-20T12:34:33+00:00","breadcrumb":{"@id":"https:\/\/educativosmeninheira.com\/imprimibles\/producto\/mapa-para-el-curriculum-de-geografia-de-la-trasna-meninheira\/#breadcrumb"},"inLanguage":"es","potentialAction":[{"@type":"ReadAction","target":["https:\/\/educativosmeninheira.com\/imprimibles\/producto\/mapa-para-el-curriculum-de-geografia-de-la-trasna-meninheira\/"]}]},{"@type":"ImageObject","inLanguage":"es","@id":"https:\/\/educativosmeninheira.com\/imprimibles\/producto\/mapa-para-el-curriculum-de-geografia-de-la-trasna-meninheira\/#primaryimage","url":"https:\/\/educativosmeninheira.com\/imprimibles\/wp-content\/uploads\/2024\/03\/DOWNLOAD_mapa_animales.png","contentUrl":"https:\/\/educativosmeninheira.com\/imprimibles\/wp-content\/uploads\/2024\/03\/DOWNLOAD_mapa_animales.png","width":709,"height":553},{"@type":"BreadcrumbList","@id":"https:\/\/educativosmeninheira.com\/imprimibles\/producto\/mapa-para-el-curriculum-de-geografia-de-la-trasna-meninheira\/#breadcrumb","itemListElement":[{"@type":"ListItem","position":1,"name":"Home","item":"https:\/\/educativosmeninheira.com\/imprimibles\/"},{"@type":"ListItem","position":2,"name":"Tienda","item":"https:\/\/educativosmeninheira.com\/imprimibles\/tienda\/"},{"@type":"ListItem","position":3,"name":"MAPA para el curr\u00edculum de geograf\u00eda de la trasna meninheira"}]},{"@type":"WebSite","@id":"https:\/\/educativosmeninheira.com\/imprimibles\/#website","url":"https:\/\/educativosmeninheira.com\/imprimibles\/","name":"Educativos","description":"","publisher":{"@id":"https:\/\/educativosmeninheira.com\/imprimibles\/#organization"},"potentialAction":[{"@type":"SearchAction","target":{"@type":"EntryPoint","urlTemplate":"https:\/\/educativosmeninheira.com\/imprimibles\/?s={search_term_string}"},"query-input":"required name=search_term_string"}],"inLanguage":"es"},{"@type":"Organization","@id":"https:\/\/educativosmeninheira.com\/imprimibles\/#organization","name":"Educativos","url":"https:\/\/educativosmeninheira.com\/imprimibles\/","logo":{"@type":"ImageObject","inLanguage":"es","@id":"https:\/\/educativosmeninheira.com\/imprimibles\/#\/schema\/logo\/image\/","url":"https:\/\/educativosmeninheira.com\/imprimibles\/wp-content\/uploads\/2024\/03\/LOGO-Educativos-meninheira.png","contentUrl":"https:\/\/educativosmeninheira.com\/imprimibles\/wp-content\/uploads\/2024\/03\/LOGO-Educativos-meninheira.png","width":2194,"height":2145,"caption":"Educativos"},"image":{"@id":"https:\/\/educativosmeninheira.com\/imprimibles\/#\/schema\/logo\/image\/"}}]}},"_links":{"self":[{"href":"https:\/\/educativosmeninheira.com\/imprimibles\/wp-json\/wp\/v2\/product\/1527","targetHints":{"allow":["GET"]}}],"collection":[{"href":"https:\/\/educativosmeninheira.com\/imprimibles\/wp-json\/wp\/v2\/product"}],"about":[{"href":"https:\/\/educativosmeninheira.com\/imprimibles\/wp-json\/wp\/v2\/types\/product"}],"replies":[{"embeddable":true,"href":"https:\/\/educativosmeninheira.com\/imprimibles\/wp-json\/wp\/v2\/comments?post=1527"}],"wp:featuredmedia":[{"embeddable":true,"href":"https:\/\/educativosmeninheira.com\/imprimibles\/wp-json\/wp\/v2\/media\/1528"}],"wp:attachment":[{"href":"https:\/\/educativosmeninheira.com\/imprimibles\/wp-json\/wp\/v2\/media?parent=1527"}],"wp:term":[{"taxonomy":"product_cat","embeddable":true,"href":"https:\/\/educativosmeninheira.com\/imprimibles\/wp-json\/wp\/v2\/product_cat?post=1527"},{"taxonomy":"product_tag","embeddable":true,"href":"https:\/\/educativosmeninheira.com\/imprimibles\/wp-json\/wp\/v2\/product_tag?post=1527"}],"curies":[{"name":"wp","href":"https:\/\/api.w.org\/{rel}","templated":true}]}}