{"id":971,"date":"2022-07-01T09:42:28","date_gmt":"2022-07-01T09:42:28","guid":{"rendered":"https:\/\/educativosmeninheira.com\/imprimibles\/?post_type=product&#038;p=971"},"modified":"2025-05-12T09:36:35","modified_gmt":"2025-05-12T09:36:35","slug":"caderno-de-viaxe-para-nenos-galego","status":"publish","type":"product","link":"https:\/\/educativosmeninheira.com\/imprimibles\/producto\/caderno-de-viaxe-para-nenos-galego\/","title":{"rendered":"Caderno de viaxe para nenos"},"content":{"rendered":"<p style=\"text-align: center;\">El cuaderno de viaje es un excelente recurso para que los ni\u00f1os practiquen lectoescritura, composici\u00f3n,\u2026 les ayudar\u00e1 a ordenar y estructurar lo vivido y lo recordado. No importa si no haceis un viaje largo, ni siquiera importa si el viaje es real, podemos viajar a donde queramos con nuestra imaginaci\u00f3n.<\/p>\n<p style=\"text-align: center;\">Este cuaderno naci\u00f3 sobre el 2010, cuando marchamos a pasar unos meses a Irlanda, fu\u00e9 algo que les prepar\u00e9 a mis peques para que fueran rellen\u00e1ndolo por el camino y nos quedara como un precioso recuerdo. Las im\u00e1genes que veis en la versi\u00f3n en gallego, corresponde a aquel viaje.<\/p>\n<p style=\"text-align: right;\"><strong>&#8230;&#8230;&#8230;&#8230;&#8230;&#8230;&#8230;&#8230;&#8230;.. VERSI\u00d3N EN GALEGO<\/strong><\/p>\n<p>Junto con el archivo del Cuaderno de viaje se entrega otro archivo con la portada para un cuaderno de viaje imaginario, porque nos pueden quitar todo, menos nuestros sue\u00f1os.<\/p>\n<p>El tama\u00f1o del cuaderno es el de medio folio (cuartilla) y est\u00e1 preparado de tal manera que con una s\u00f3la impresi\u00f3n obtienes 2 cuadernos con distinta gama de color, una impresi\u00f3n predominantemente en rosas y otra en azules.<\/p>\n<p>&nbsp;<\/p>\n<p>\u2665 \u2665 \u2665 \u2665 \u2665 \u2665 \u2665 \u2665 \u2665 \u2665 \u2665 \u2665 \u2665 \u2665 \u2665 \u2665 \u2665 \u2665 \u2665 \u2665 \u2665 \u2665 \u2665 \u2665 \u2665 \u2665 \u2665 \u2665<br \/>\n\u00cdNDICE DE CONTENIDOS DEL ARCHIVO:<br \/>\n\u2665 \u2665 \u2665 \u2665 \u2665 \u2665 \u2665 \u2665 \u2665 \u2665 \u2665 \u2665 \u2665 \u2665 \u2665 \u2665 \u2665 \u2665 \u2665 \u2665 \u2665 \u2665 \u2665 \u2665 \u2665 \u2665 \u2665 \u2665<\/p>\n<p>\u2665 Ideas para llenar el cuaderno con m\u00e1s materiales ajenos al imprimible.<br \/>\n\u2665 Sugerencias de uso, orientaci\u00f3n para sacarle el m\u00e1ximo partido a tu cuaderno de viaje<br \/>\n\u2665 Las hojas del cuaderno son las siguientes:<br \/>\n1- Mapa mundi mudo:<br \/>\n2- Mapa mundi pol\u00edtico:<br \/>\n3- Mapa pol\u00edtico de Europa:<br \/>\n4- Mapa pol\u00edtico de Espa\u00f1a, Portugal y Estados Unidos:<br \/>\n5- Recortable de maleta: para hacer un \u00abpop-up\u00bb en el que mostrar todo lo que llevas dentro o lo que te gustar\u00eda llevar.<br \/>\n6- Hoja de clasificaci\u00f3n de veh\u00edculos: para ir apuntando durante el trayecto y hacer un poco de mates.<br \/>\n7- El tiempo hoy: \u00a1ojal\u00e1 todos los d\u00edas luzca el sol!<br \/>\n8- Calendario: para apuntar lo hecho cada d\u00eda o lo que vamos a hacer.<br \/>\n9- Sentimientos: \u00bfest\u00e1s feliz hoy?<br \/>\n10- Mapa de pensamientos: \u00bfqu\u00e9 se te pasa hoy por la cabeza?<br \/>\n11- Diario de vacaciones: para apuntar las impresiones d\u00eda a d\u00eda (y hacer un poco de caligraf\u00eda)<br \/>\n12- Itinerarios: para que no se te olvide d\u00f3nde estuviste cada d\u00eda.<br \/>\n13- Los exploradores (viajeros), sus nombres y su imagen (dibujada o en fotograf\u00eda) quedan de recuerdo para la posteridad.<br \/>\n14- Lleg\u00f3 el final y hacemos recuento de lo mejor y lo peor del viaje<br \/>\n14- Impresos de listas: \u00a1para que no se nos olvide nada! los juguetes que queremos llevar, los nuevos amigos que hemos hecho, los sitios que hemos visitado,\u2026<br \/>\n15- Pasatiempo de dibujo: Para que la cola o la espera en el restaurante se haga m\u00e1s llevadera.<br \/>\n16- Plantillas para realizar un marcap\u00e1ginas: una peque\u00f1a manualidad para realizar durante el viaje y regalar a la vuelta como recuerdo.<br \/>\n17- Dibujos para recortar y pegar: utiliz\u00e1ndolos a modo de pegatinas para decorar tu cuaderno de viaje<\/p>\n<p>En total, m\u00e1s de 30 p\u00e1ginas distintas con informaci\u00f3n para elaborar tu cuaderno de viaje y que te quede un bonito recuerdo de las vacaciones y adem\u00e1s puedes utilizar a\u00f1o tras a\u00f1o, viaje tras viaje.<\/p>\n<p style=\"text-align: center;\">\u2665\u2665\u2665\u2665\u2665\u2665\u2665\u2665\u2665<br \/>\nContiene un ANEXO DE REGALO para elaborar un \u00abCuaderno de viaje imaginario\u00bb que contiene una portada para empezar a imaginar y so\u00f1ar.<br \/>\n\u2665\u2665\u2665\u2665\u2665\u2665\u2665\u2665\u2665<\/p>\n<div class=\"gmail_default\" style=\"text-align: center;\"><strong>.<\/strong><\/div>\n<div class=\"gmail_default\" style=\"text-align: center;\"><strong>\u273f IMPORTANTE \u273f<\/strong><\/div>\n<div class=\"gmail_default\" style=\"text-align: right;\"><strong>1.<\/strong> Isto \u00e9 un producto dixital,NON SE VAI ENVIAR NING\u00daN PRODUTO F\u00cdSICO,<br \/>\nunha vez compretada a compra. VAISE PROPORCIONAR UN LINK para descarregar o artigo mercado.<br \/>\n<strong>2.<\/strong> As cores podem mudar lixeiramente da pantalla \u00e1 impresio\u00f3n.<br \/>\n<strong>3.<\/strong> Fai o favor de nom partillar o meu traballo, se algu\u00e9n te pide os arquivos, enviallo \u00e1 p\u00e1xina,<br \/>\nOs produtos sao econ\u00f3micos.<\/div>\n<div class=\"gmail_default\" style=\"text-align: right;\"><strong>4.<\/strong> Poder\u00e1s descarregar o artigo cantas veces queiras.<\/div>\n<div class=\"gmail_default\" style=\"text-align: right;\">.<br \/>\n\u2665 \u00a1GRAZAS \u2665<br \/>\nEste traballo permite-me contribuir \u00e1 econom\u00eda dom\u00e9stica,<br \/>\naxudando \u00e1 mi\u00f1a familia facendo o que gosto e partillando o tempo com eles.<\/div>\n<div><\/div>\n<h2 class=\"gmail_default\" style=\"text-align: left;\"><strong>\u273f <\/strong>EU SOU ECONOM\u00cdA LOCAL&#8230; mas dixital.<\/h2>\n","protected":false},"excerpt":{"rendered":"<p>El cuaderno de viaje es un excelente recurso para que los ni\u00f1os practiquen lectoescritura, composici\u00f3n,\u2026 les ayudar\u00e1 a ordenar y estructurar lo vivido y lo recordado. No importa si no haceis un viaje largo, ni siquiera importa si el viaje es real, podemos viajar a donde queramos con nuestra imaginaci\u00f3n. Este cuaderno naci\u00f3 sobre el [&hellip;]<\/p>\n","protected":false},"featured_media":974,"comment_status":"open","ping_status":"closed","template":"","meta":{"site-sidebar-layout":"default","site-content-layout":"default","ast-site-content-layout":"","site-content-style":"default","site-sidebar-style":"default","ast-global-header-display":"","ast-banner-title-visibility":"","ast-main-header-display":"","ast-hfb-above-header-display":"","ast-hfb-below-header-display":"","ast-hfb-mobile-header-display":"","site-post-title":"","ast-breadcrumbs-content":"","ast-featured-img":"","footer-sml-layout":"","theme-transparent-header-meta":"default","adv-header-id-meta":"","stick-header-meta":"","header-above-stick-meta":"","header-main-stick-meta":"","header-below-stick-meta":"","astra-migrate-meta-layouts":"default","ast-page-background-enabled":"default","ast-page-background-meta":{"desktop":{"background-color":"var(--ast-global-color-4)","background-image":"","background-repeat":"repeat","background-position":"center center","background-size":"auto","background-attachment":"scroll","background-type":"","background-media":"","overlay-type":"","overlay-color":"","overlay-gradient":""},"tablet":{"background-color":"","background-image":"","background-repeat":"repeat","background-position":"center center","background-size":"auto","background-attachment":"scroll","background-type":"","background-media":"","overlay-type":"","overlay-color":"","overlay-gradient":""},"mobile":{"background-color":"","background-image":"","background-repeat":"repeat","background-position":"center center","background-size":"auto","background-attachment":"scroll","background-type":"","background-media":"","overlay-type":"","overlay-color":"","overlay-gradient":""}},"ast-content-background-meta":{"desktop":{"background-color":"var(--ast-global-color-5)","background-image":"","background-repeat":"repeat","background-position":"center center","background-size":"auto","background-attachment":"scroll","background-type":"","background-media":"","overlay-type":"","overlay-color":"","overlay-gradient":""},"tablet":{"background-color":"var(--ast-global-color-5)","background-image":"","background-repeat":"repeat","background-position":"center center","background-size":"auto","background-attachment":"scroll","background-type":"","background-media":"","overlay-type":"","overlay-color":"","overlay-gradient":""},"mobile":{"background-color":"var(--ast-global-color-5)","background-image":"","background-repeat":"repeat","background-position":"center center","background-size":"auto","background-attachment":"scroll","background-type":"","background-media":"","overlay-type":"","overlay-color":"","overlay-gradient":""}}},"product_cat":[15,28],"product_tag":[],"class_list":{"0":"post-971","1":"product","2":"type-product","3":"status-publish","4":"has-post-thumbnail","6":"product_cat-sin-categorizar","7":"product_cat-galego","8":"desktop-align-left","9":"tablet-align-left","10":"mobile-align-left","12":"first","13":"instock","14":"downloadable","15":"virtual","16":"taxable","17":"purchasable","18":"product-type-simple"},"yoast_head":"<!-- This site is optimized with the Yoast SEO plugin v22.4 - https:\/\/yoast.com\/wordpress\/plugins\/seo\/ -->\n<title>Caderno de viaxe para nenos - Educativos<\/title>\n<meta name=\"robots\" content=\"index, follow, max-snippet:-1, max-image-preview:large, max-video-preview:-1\" \/>\n<link rel=\"canonical\" href=\"https:\/\/educativosmeninheira.com\/imprimibles\/producto\/caderno-de-viaxe-para-nenos-galego\/\" \/>\n<meta property=\"og:locale\" content=\"es_ES\" \/>\n<meta property=\"og:type\" content=\"article\" \/>\n<meta property=\"og:title\" content=\"Caderno de viaxe para nenos - Educativos\" \/>\n<meta property=\"og:description\" content=\"El cuaderno de viaje es un excelente recurso para que los ni\u00f1os practiquen lectoescritura, composici\u00f3n,\u2026 les ayudar\u00e1 a ordenar y estructurar lo vivido y lo recordado. No importa si no haceis un viaje largo, ni siquiera importa si el viaje es real, podemos viajar a donde queramos con nuestra imaginaci\u00f3n. Este cuaderno naci\u00f3 sobre el [&hellip;]\" \/>\n<meta property=\"og:url\" content=\"https:\/\/educativosmeninheira.com\/imprimibles\/producto\/caderno-de-viaxe-para-nenos-galego\/\" \/>\n<meta property=\"og:site_name\" content=\"Educativos\" \/>\n<meta property=\"article:modified_time\" content=\"2025-05-12T09:36:35+00:00\" \/>\n<meta property=\"og:image\" content=\"https:\/\/educativosmeninheira.com\/imprimibles\/wp-content\/uploads\/2021\/07\/CADERNO-DE-VIAXE-GALEGO-0.jpg\" \/>\n\t<meta property=\"og:image:width\" content=\"1080\" \/>\n\t<meta property=\"og:image:height\" content=\"1080\" \/>\n\t<meta property=\"og:image:type\" content=\"image\/jpeg\" \/>\n<meta name=\"twitter:card\" content=\"summary_large_image\" \/>\n<meta name=\"twitter:label1\" content=\"Tiempo de lectura\" \/>\n\t<meta name=\"twitter:data1\" content=\"4 minutos\" \/>\n<script type=\"application\/ld+json\" class=\"yoast-schema-graph\">{\"@context\":\"https:\/\/schema.org\",\"@graph\":[{\"@type\":\"WebPage\",\"@id\":\"https:\/\/educativosmeninheira.com\/imprimibles\/producto\/caderno-de-viaxe-para-nenos-galego\/\",\"url\":\"https:\/\/educativosmeninheira.com\/imprimibles\/producto\/caderno-de-viaxe-para-nenos-galego\/\",\"name\":\"Caderno de viaxe para nenos - Educativos\",\"isPartOf\":{\"@id\":\"https:\/\/educativosmeninheira.com\/imprimibles\/#website\"},\"primaryImageOfPage\":{\"@id\":\"https:\/\/educativosmeninheira.com\/imprimibles\/producto\/caderno-de-viaxe-para-nenos-galego\/#primaryimage\"},\"image\":{\"@id\":\"https:\/\/educativosmeninheira.com\/imprimibles\/producto\/caderno-de-viaxe-para-nenos-galego\/#primaryimage\"},\"thumbnailUrl\":\"https:\/\/educativosmeninheira.com\/imprimibles\/wp-content\/uploads\/2021\/07\/CADERNO-DE-VIAXE-GALEGO-0.jpg\",\"datePublished\":\"2022-07-01T09:42:28+00:00\",\"dateModified\":\"2025-05-12T09:36:35+00:00\",\"breadcrumb\":{\"@id\":\"https:\/\/educativosmeninheira.com\/imprimibles\/producto\/caderno-de-viaxe-para-nenos-galego\/#breadcrumb\"},\"inLanguage\":\"es\",\"potentialAction\":[{\"@type\":\"ReadAction\",\"target\":[\"https:\/\/educativosmeninheira.com\/imprimibles\/producto\/caderno-de-viaxe-para-nenos-galego\/\"]}]},{\"@type\":\"ImageObject\",\"inLanguage\":\"es\",\"@id\":\"https:\/\/educativosmeninheira.com\/imprimibles\/producto\/caderno-de-viaxe-para-nenos-galego\/#primaryimage\",\"url\":\"https:\/\/educativosmeninheira.com\/imprimibles\/wp-content\/uploads\/2021\/07\/CADERNO-DE-VIAXE-GALEGO-0.jpg\",\"contentUrl\":\"https:\/\/educativosmeninheira.com\/imprimibles\/wp-content\/uploads\/2021\/07\/CADERNO-DE-VIAXE-GALEGO-0.jpg\",\"width\":1080,\"height\":1080},{\"@type\":\"BreadcrumbList\",\"@id\":\"https:\/\/educativosmeninheira.com\/imprimibles\/producto\/caderno-de-viaxe-para-nenos-galego\/#breadcrumb\",\"itemListElement\":[{\"@type\":\"ListItem\",\"position\":1,\"name\":\"Home\",\"item\":\"https:\/\/educativosmeninheira.com\/imprimibles\/\"},{\"@type\":\"ListItem\",\"position\":2,\"name\":\"Tienda\",\"item\":\"https:\/\/educativosmeninheira.com\/imprimibles\/tienda\/\"},{\"@type\":\"ListItem\",\"position\":3,\"name\":\"Caderno de viaxe para nenos\"}]},{\"@type\":\"WebSite\",\"@id\":\"https:\/\/educativosmeninheira.com\/imprimibles\/#website\",\"url\":\"https:\/\/educativosmeninheira.com\/imprimibles\/\",\"name\":\"Educativos\",\"description\":\"\",\"publisher\":{\"@id\":\"https:\/\/educativosmeninheira.com\/imprimibles\/#organization\"},\"potentialAction\":[{\"@type\":\"SearchAction\",\"target\":{\"@type\":\"EntryPoint\",\"urlTemplate\":\"https:\/\/educativosmeninheira.com\/imprimibles\/?s={search_term_string}\"},\"query-input\":\"required name=search_term_string\"}],\"inLanguage\":\"es\"},{\"@type\":\"Organization\",\"@id\":\"https:\/\/educativosmeninheira.com\/imprimibles\/#organization\",\"name\":\"Educativos\",\"url\":\"https:\/\/educativosmeninheira.com\/imprimibles\/\",\"logo\":{\"@type\":\"ImageObject\",\"inLanguage\":\"es\",\"@id\":\"https:\/\/educativosmeninheira.com\/imprimibles\/#\/schema\/logo\/image\/\",\"url\":\"https:\/\/educativosmeninheira.com\/imprimibles\/wp-content\/uploads\/2024\/03\/LOGO-Educativos-meninheira.png\",\"contentUrl\":\"https:\/\/educativosmeninheira.com\/imprimibles\/wp-content\/uploads\/2024\/03\/LOGO-Educativos-meninheira.png\",\"width\":2194,\"height\":2145,\"caption\":\"Educativos\"},\"image\":{\"@id\":\"https:\/\/educativosmeninheira.com\/imprimibles\/#\/schema\/logo\/image\/\"}}]}<\/script>\n<!-- \/ Yoast SEO plugin. -->","yoast_head_json":{"title":"Caderno de viaxe para nenos - Educativos","robots":{"index":"index","follow":"follow","max-snippet":"max-snippet:-1","max-image-preview":"max-image-preview:large","max-video-preview":"max-video-preview:-1"},"canonical":"https:\/\/educativosmeninheira.com\/imprimibles\/producto\/caderno-de-viaxe-para-nenos-galego\/","og_locale":"es_ES","og_type":"article","og_title":"Caderno de viaxe para nenos - Educativos","og_description":"El cuaderno de viaje es un excelente recurso para que los ni\u00f1os practiquen lectoescritura, composici\u00f3n,\u2026 les ayudar\u00e1 a ordenar y estructurar lo vivido y lo recordado. No importa si no haceis un viaje largo, ni siquiera importa si el viaje es real, podemos viajar a donde queramos con nuestra imaginaci\u00f3n. Este cuaderno naci\u00f3 sobre el [&hellip;]","og_url":"https:\/\/educativosmeninheira.com\/imprimibles\/producto\/caderno-de-viaxe-para-nenos-galego\/","og_site_name":"Educativos","article_modified_time":"2025-05-12T09:36:35+00:00","og_image":[{"width":1080,"height":1080,"url":"https:\/\/educativosmeninheira.com\/imprimibles\/wp-content\/uploads\/2021\/07\/CADERNO-DE-VIAXE-GALEGO-0.jpg","type":"image\/jpeg"}],"twitter_card":"summary_large_image","twitter_misc":{"Tiempo de lectura":"4 minutos"},"schema":{"@context":"https:\/\/schema.org","@graph":[{"@type":"WebPage","@id":"https:\/\/educativosmeninheira.com\/imprimibles\/producto\/caderno-de-viaxe-para-nenos-galego\/","url":"https:\/\/educativosmeninheira.com\/imprimibles\/producto\/caderno-de-viaxe-para-nenos-galego\/","name":"Caderno de viaxe para nenos - Educativos","isPartOf":{"@id":"https:\/\/educativosmeninheira.com\/imprimibles\/#website"},"primaryImageOfPage":{"@id":"https:\/\/educativosmeninheira.com\/imprimibles\/producto\/caderno-de-viaxe-para-nenos-galego\/#primaryimage"},"image":{"@id":"https:\/\/educativosmeninheira.com\/imprimibles\/producto\/caderno-de-viaxe-para-nenos-galego\/#primaryimage"},"thumbnailUrl":"https:\/\/educativosmeninheira.com\/imprimibles\/wp-content\/uploads\/2021\/07\/CADERNO-DE-VIAXE-GALEGO-0.jpg","datePublished":"2022-07-01T09:42:28+00:00","dateModified":"2025-05-12T09:36:35+00:00","breadcrumb":{"@id":"https:\/\/educativosmeninheira.com\/imprimibles\/producto\/caderno-de-viaxe-para-nenos-galego\/#breadcrumb"},"inLanguage":"es","potentialAction":[{"@type":"ReadAction","target":["https:\/\/educativosmeninheira.com\/imprimibles\/producto\/caderno-de-viaxe-para-nenos-galego\/"]}]},{"@type":"ImageObject","inLanguage":"es","@id":"https:\/\/educativosmeninheira.com\/imprimibles\/producto\/caderno-de-viaxe-para-nenos-galego\/#primaryimage","url":"https:\/\/educativosmeninheira.com\/imprimibles\/wp-content\/uploads\/2021\/07\/CADERNO-DE-VIAXE-GALEGO-0.jpg","contentUrl":"https:\/\/educativosmeninheira.com\/imprimibles\/wp-content\/uploads\/2021\/07\/CADERNO-DE-VIAXE-GALEGO-0.jpg","width":1080,"height":1080},{"@type":"BreadcrumbList","@id":"https:\/\/educativosmeninheira.com\/imprimibles\/producto\/caderno-de-viaxe-para-nenos-galego\/#breadcrumb","itemListElement":[{"@type":"ListItem","position":1,"name":"Home","item":"https:\/\/educativosmeninheira.com\/imprimibles\/"},{"@type":"ListItem","position":2,"name":"Tienda","item":"https:\/\/educativosmeninheira.com\/imprimibles\/tienda\/"},{"@type":"ListItem","position":3,"name":"Caderno de viaxe para nenos"}]},{"@type":"WebSite","@id":"https:\/\/educativosmeninheira.com\/imprimibles\/#website","url":"https:\/\/educativosmeninheira.com\/imprimibles\/","name":"Educativos","description":"","publisher":{"@id":"https:\/\/educativosmeninheira.com\/imprimibles\/#organization"},"potentialAction":[{"@type":"SearchAction","target":{"@type":"EntryPoint","urlTemplate":"https:\/\/educativosmeninheira.com\/imprimibles\/?s={search_term_string}"},"query-input":"required name=search_term_string"}],"inLanguage":"es"},{"@type":"Organization","@id":"https:\/\/educativosmeninheira.com\/imprimibles\/#organization","name":"Educativos","url":"https:\/\/educativosmeninheira.com\/imprimibles\/","logo":{"@type":"ImageObject","inLanguage":"es","@id":"https:\/\/educativosmeninheira.com\/imprimibles\/#\/schema\/logo\/image\/","url":"https:\/\/educativosmeninheira.com\/imprimibles\/wp-content\/uploads\/2024\/03\/LOGO-Educativos-meninheira.png","contentUrl":"https:\/\/educativosmeninheira.com\/imprimibles\/wp-content\/uploads\/2024\/03\/LOGO-Educativos-meninheira.png","width":2194,"height":2145,"caption":"Educativos"},"image":{"@id":"https:\/\/educativosmeninheira.com\/imprimibles\/#\/schema\/logo\/image\/"}}]}},"_links":{"self":[{"href":"https:\/\/educativosmeninheira.com\/imprimibles\/wp-json\/wp\/v2\/product\/971","targetHints":{"allow":["GET"]}}],"collection":[{"href":"https:\/\/educativosmeninheira.com\/imprimibles\/wp-json\/wp\/v2\/product"}],"about":[{"href":"https:\/\/educativosmeninheira.com\/imprimibles\/wp-json\/wp\/v2\/types\/product"}],"replies":[{"embeddable":true,"href":"https:\/\/educativosmeninheira.com\/imprimibles\/wp-json\/wp\/v2\/comments?post=971"}],"wp:featuredmedia":[{"embeddable":true,"href":"https:\/\/educativosmeninheira.com\/imprimibles\/wp-json\/wp\/v2\/media\/974"}],"wp:attachment":[{"href":"https:\/\/educativosmeninheira.com\/imprimibles\/wp-json\/wp\/v2\/media?parent=971"}],"wp:term":[{"taxonomy":"product_cat","embeddable":true,"href":"https:\/\/educativosmeninheira.com\/imprimibles\/wp-json\/wp\/v2\/product_cat?post=971"},{"taxonomy":"product_tag","embeddable":true,"href":"https:\/\/educativosmeninheira.com\/imprimibles\/wp-json\/wp\/v2\/product_tag?post=971"}],"curies":[{"name":"wp","href":"https:\/\/api.w.org\/{rel}","templated":true}]}}