{"id":860,"date":"2021-04-03T09:56:34","date_gmt":"2021-04-03T08:56:34","guid":{"rendered":"https:\/\/educativosmeninheira.com\/materialeducativo\/producto\/loungefly-x-star-wars-death-star-mini-mochila\/"},"modified":"2023-04-06T05:11:26","modified_gmt":"2023-04-06T04:11:26","slug":"loungefly-x-star-wars-death-star-mini-mochila","status":"publish","type":"product","link":"https:\/\/educativosmeninheira.com\/materialeducativo\/producto\/loungefly-x-star-wars-death-star-mini-mochila\/","title":{"rendered":"Loungefly x Star Wars Death Star Mini Mochila"},"content":{"rendered":"<p><div id='gallery-1' class='gallery galleryid-860 gallery-columns-3 gallery-size-thumbnail'><figure class='gallery-item'>\n\t\t\t<div class='gallery-icon landscape'>\n\t\t\t\t<a href='https:\/\/educativosmeninheira.com\/materialeducativo\/?attachment_id=862'><img decoding=\"async\" width=\"150\" height=\"150\" src=\"https:\/\/educativosmeninheira.com\/materialeducativo\/wp-content\/uploads\/https:\/\/m.media-amazon.com\/images\/I\/41Ll4-mt7jL._SS150_.jpg\" class=\"attachment-thumbnail size-thumbnail\" alt=\"\" srcset=\"https:\/\/educativosmeninheira.com\/materialeducativo\/wp-content\/uploads\/https:\/\/m.media-amazon.com\/images\/I\/41Ll4-mt7jL._SS150_.jpg 150w, https:\/\/educativosmeninheira.com\/materialeducativo\/wp-content\/uploads\/https:\/\/m.media-amazon.com\/images\/I\/41Ll4-mt7jL._SS300_.jpg 300w, https:\/\/educativosmeninheira.com\/materialeducativo\/wp-content\/uploads\/https:\/\/m.media-amazon.com\/images\/I\/41Ll4-mt7jL._SS768_.jpg 768w, https:\/\/educativosmeninheira.com\/materialeducativo\/wp-content\/uploads\/https:\/\/m.media-amazon.com\/images\/I\/41Ll4-mt7jL._SS1024_.jpg 1024w, https:\/\/educativosmeninheira.com\/materialeducativo\/wp-content\/uploads\/https:\/\/m.media-amazon.com\/images\/I\/41Ll4-mt7jL._SS1536_.jpg 1536w, https:\/\/educativosmeninheira.com\/materialeducativo\/wp-content\/uploads\/https:\/\/m.media-amazon.com\/images\/I\/41Ll4-mt7jL._SS2048_.jpg 2048w, https:\/\/educativosmeninheira.com\/materialeducativo\/wp-content\/uploads\/https:\/\/m.media-amazon.com\/images\/I\/41Ll4-mt7jL._SS1568_.jpg 1568w, https:\/\/educativosmeninheira.com\/materialeducativo\/wp-content\/uploads\/https:\/\/m.media-amazon.com\/images\/I\/41Ll4-mt7jL._SS450_.jpg 450w, https:\/\/educativosmeninheira.com\/materialeducativo\/wp-content\/uploads\/https:\/\/m.media-amazon.com\/images\/I\/41Ll4-mt7jL._SS600_.jpg 600w, https:\/\/educativosmeninheira.com\/materialeducativo\/wp-content\/uploads\/https:\/\/m.media-amazon.com\/images\/I\/41Ll4-mt7jL._SS100_.jpg 100w, https:\/\/educativosmeninheira.com\/materialeducativo\/wp-content\/uploads\/https:\/\/m.media-amazon.com\/images\/I\/41Ll4-mt7jL.jpg 500w\" sizes=\"(max-width: 150px) 100vw, 150px\" style=\"width:100%;height:100%;max-width:500px;\" \/><\/a>\n\t\t\t<\/div><\/figure><figure class='gallery-item'>\n\t\t\t<div class='gallery-icon landscape'>\n\t\t\t\t<a href='https:\/\/educativosmeninheira.com\/materialeducativo\/?attachment_id=863'><img decoding=\"async\" width=\"150\" height=\"150\" src=\"https:\/\/educativosmeninheira.com\/materialeducativo\/wp-content\/uploads\/https:\/\/m.media-amazon.com\/images\/I\/41JUYHMDDZL._SS150_.jpg\" class=\"attachment-thumbnail size-thumbnail\" alt=\"\" srcset=\"https:\/\/educativosmeninheira.com\/materialeducativo\/wp-content\/uploads\/https:\/\/m.media-amazon.com\/images\/I\/41JUYHMDDZL._SS150_.jpg 150w, https:\/\/educativosmeninheira.com\/materialeducativo\/wp-content\/uploads\/https:\/\/m.media-amazon.com\/images\/I\/41JUYHMDDZL._SS300_.jpg 300w, https:\/\/educativosmeninheira.com\/materialeducativo\/wp-content\/uploads\/https:\/\/m.media-amazon.com\/images\/I\/41JUYHMDDZL._SS768_.jpg 768w, https:\/\/educativosmeninheira.com\/materialeducativo\/wp-content\/uploads\/https:\/\/m.media-amazon.com\/images\/I\/41JUYHMDDZL._SS1024_.jpg 1024w, https:\/\/educativosmeninheira.com\/materialeducativo\/wp-content\/uploads\/https:\/\/m.media-amazon.com\/images\/I\/41JUYHMDDZL._SS1536_.jpg 1536w, https:\/\/educativosmeninheira.com\/materialeducativo\/wp-content\/uploads\/https:\/\/m.media-amazon.com\/images\/I\/41JUYHMDDZL._SS2048_.jpg 2048w, https:\/\/educativosmeninheira.com\/materialeducativo\/wp-content\/uploads\/https:\/\/m.media-amazon.com\/images\/I\/41JUYHMDDZL._SS1568_.jpg 1568w, https:\/\/educativosmeninheira.com\/materialeducativo\/wp-content\/uploads\/https:\/\/m.media-amazon.com\/images\/I\/41JUYHMDDZL._SS450_.jpg 450w, https:\/\/educativosmeninheira.com\/materialeducativo\/wp-content\/uploads\/https:\/\/m.media-amazon.com\/images\/I\/41JUYHMDDZL._SS600_.jpg 600w, https:\/\/educativosmeninheira.com\/materialeducativo\/wp-content\/uploads\/https:\/\/m.media-amazon.com\/images\/I\/41JUYHMDDZL._SS100_.jpg 100w, https:\/\/educativosmeninheira.com\/materialeducativo\/wp-content\/uploads\/https:\/\/m.media-amazon.com\/images\/I\/41JUYHMDDZL.jpg 500w\" sizes=\"(max-width: 150px) 100vw, 150px\" style=\"width:100%;height:100%;max-width:500px;\" \/><\/a>\n\t\t\t<\/div><\/figure><figure class='gallery-item'>\n\t\t\t<div class='gallery-icon landscape'>\n\t\t\t\t<a href='https:\/\/educativosmeninheira.com\/materialeducativo\/?attachment_id=864'><img decoding=\"async\" width=\"150\" height=\"150\" src=\"https:\/\/educativosmeninheira.com\/materialeducativo\/wp-content\/uploads\/https:\/\/m.media-amazon.com\/images\/I\/4118ZlXjZyL._SS150_.jpg\" class=\"attachment-thumbnail size-thumbnail\" alt=\"\" srcset=\"https:\/\/educativosmeninheira.com\/materialeducativo\/wp-content\/uploads\/https:\/\/m.media-amazon.com\/images\/I\/4118ZlXjZyL._SS150_.jpg 150w, https:\/\/educativosmeninheira.com\/materialeducativo\/wp-content\/uploads\/https:\/\/m.media-amazon.com\/images\/I\/4118ZlXjZyL._SS300_.jpg 300w, https:\/\/educativosmeninheira.com\/materialeducativo\/wp-content\/uploads\/https:\/\/m.media-amazon.com\/images\/I\/4118ZlXjZyL._SS768_.jpg 768w, https:\/\/educativosmeninheira.com\/materialeducativo\/wp-content\/uploads\/https:\/\/m.media-amazon.com\/images\/I\/4118ZlXjZyL._SS1024_.jpg 1024w, https:\/\/educativosmeninheira.com\/materialeducativo\/wp-content\/uploads\/https:\/\/m.media-amazon.com\/images\/I\/4118ZlXjZyL._SS1536_.jpg 1536w, https:\/\/educativosmeninheira.com\/materialeducativo\/wp-content\/uploads\/https:\/\/m.media-amazon.com\/images\/I\/4118ZlXjZyL._SS2048_.jpg 2048w, https:\/\/educativosmeninheira.com\/materialeducativo\/wp-content\/uploads\/https:\/\/m.media-amazon.com\/images\/I\/4118ZlXjZyL._SS1568_.jpg 1568w, https:\/\/educativosmeninheira.com\/materialeducativo\/wp-content\/uploads\/https:\/\/m.media-amazon.com\/images\/I\/4118ZlXjZyL._SS450_.jpg 450w, https:\/\/educativosmeninheira.com\/materialeducativo\/wp-content\/uploads\/https:\/\/m.media-amazon.com\/images\/I\/4118ZlXjZyL._SS600_.jpg 600w, https:\/\/educativosmeninheira.com\/materialeducativo\/wp-content\/uploads\/https:\/\/m.media-amazon.com\/images\/I\/4118ZlXjZyL._SS100_.jpg 100w, https:\/\/educativosmeninheira.com\/materialeducativo\/wp-content\/uploads\/https:\/\/m.media-amazon.com\/images\/I\/4118ZlXjZyL.jpg 500w\" sizes=\"(max-width: 150px) 100vw, 150px\" style=\"width:100%;height:100%;max-width:500px;\" \/><\/a>\n\t\t\t<\/div><\/figure>\n\t\t<\/div>\n<br \/>\nPiel sint\u00e9tica con apliques cortados con l\u00e1ser y detalles bordados.<br \/>\nSe limpia con un pa\u00f1o.<br \/>\nInterior totalmente forrado, impreso; el interior cuenta con un bolsillo con cremallera.<br \/>\nCorreas de hombro acolchadas dobles\/ajustables; asa de transporte superior; placa de la marca esmaltada en la parte delantera.<br \/>\nMedidas aproximadas: 10 1\/2 pulgadas de alto x 8 1\/4 pulgadas de ancho x 3 1\/2 pulgadas de largo.<br \/>\n[amz_corss_sell asin=\u00bbB07Z485MVW\u00bb]<\/p>\n","protected":false},"excerpt":{"rendered":"<p>Piel sint\u00e9tica con apliques cortados con l\u00e1ser y detalles bordados.<br \/>\nSe limpia con un pa\u00f1o.<br \/>\nInterior totalmente forrado, impreso; el interior cuenta con un bolsillo con cremallera.<\/p>\n","protected":false},"featured_media":862,"comment_status":"open","ping_status":"closed","template":"","meta":[],"product_cat":[686,687,688,19],"product_tag":[],"yoast_head":"<!-- This site is optimized with the Yoast SEO plugin v22.4 - https:\/\/yoast.com\/wordpress\/plugins\/seo\/ -->\n<title>Loungefly x Star Wars Death Star Mini Mochila - Material Educativo<\/title>\n<meta name=\"robots\" content=\"index, follow, max-snippet:-1, max-image-preview:large, max-video-preview:-1\" \/>\n<link rel=\"canonical\" href=\"https:\/\/educativosmeninheira.com\/materialeducativo\/producto\/loungefly-x-star-wars-death-star-mini-mochila\/\" \/>\n<meta property=\"og:locale\" content=\"es_ES\" \/>\n<meta property=\"og:type\" content=\"article\" \/>\n<meta property=\"og:title\" content=\"Loungefly x Star Wars Death Star Mini Mochila - Material Educativo\" \/>\n<meta property=\"og:description\" content=\"Piel sint\u00e9tica con apliques cortados con l\u00e1ser y detalles bordados. Se limpia con un pa\u00f1o. Interior totalmente forrado, impreso; el interior cuenta con un bolsillo con cremallera.\" \/>\n<meta property=\"og:url\" content=\"https:\/\/educativosmeninheira.com\/materialeducativo\/producto\/loungefly-x-star-wars-death-star-mini-mochila\/\" \/>\n<meta property=\"og:site_name\" content=\"Material Educativo\" \/>\n<meta property=\"article:modified_time\" content=\"2023-04-06T04:11:26+00:00\" \/>\n<meta property=\"og:image\" content=\"https:\/\/educativosmeninheira.com\/materialeducativo\/wp-content\/uploads\/https:\/\/m.media-amazon.com\/images\/I\/41Ll4-mt7jL.jpg\" \/>\n\t<meta property=\"og:image:width\" content=\"500\" \/>\n\t<meta property=\"og:image:height\" content=\"500\" \/>\n\t<meta property=\"og:image:type\" content=\"image\/jpeg\" \/>\n<meta name=\"twitter:card\" content=\"summary_large_image\" \/>\n<script type=\"application\/ld+json\" class=\"yoast-schema-graph\">{\"@context\":\"https:\/\/schema.org\",\"@graph\":[{\"@type\":\"WebPage\",\"@id\":\"https:\/\/educativosmeninheira.com\/materialeducativo\/producto\/loungefly-x-star-wars-death-star-mini-mochila\/\",\"url\":\"https:\/\/educativosmeninheira.com\/materialeducativo\/producto\/loungefly-x-star-wars-death-star-mini-mochila\/\",\"name\":\"Loungefly x Star Wars Death Star Mini Mochila - Material Educativo\",\"isPartOf\":{\"@id\":\"https:\/\/educativosmeninheira.com\/materialeducativo\/#website\"},\"primaryImageOfPage\":{\"@id\":\"https:\/\/educativosmeninheira.com\/materialeducativo\/producto\/loungefly-x-star-wars-death-star-mini-mochila\/#primaryimage\"},\"image\":{\"@id\":\"https:\/\/educativosmeninheira.com\/materialeducativo\/producto\/loungefly-x-star-wars-death-star-mini-mochila\/#primaryimage\"},\"thumbnailUrl\":\"https:\/\/educativosmeninheira.com\/materialeducativo\/wp-content\/uploads\/https:\/\/m.media-amazon.com\/images\/I\/41Ll4-mt7jL.jpg\",\"datePublished\":\"2021-04-03T08:56:34+00:00\",\"dateModified\":\"2023-04-06T04:11:26+00:00\",\"breadcrumb\":{\"@id\":\"https:\/\/educativosmeninheira.com\/materialeducativo\/producto\/loungefly-x-star-wars-death-star-mini-mochila\/#breadcrumb\"},\"inLanguage\":\"es\",\"potentialAction\":[{\"@type\":\"ReadAction\",\"target\":[\"https:\/\/educativosmeninheira.com\/materialeducativo\/producto\/loungefly-x-star-wars-death-star-mini-mochila\/\"]}]},{\"@type\":\"ImageObject\",\"inLanguage\":\"es\",\"@id\":\"https:\/\/educativosmeninheira.com\/materialeducativo\/producto\/loungefly-x-star-wars-death-star-mini-mochila\/#primaryimage\",\"url\":\"https:\/\/educativosmeninheira.com\/materialeducativo\/wp-content\/uploads\/https:\/\/m.media-amazon.com\/images\/I\/41Ll4-mt7jL.jpg\",\"contentUrl\":\"https:\/\/educativosmeninheira.com\/materialeducativo\/wp-content\/uploads\/https:\/\/m.media-amazon.com\/images\/I\/41Ll4-mt7jL.jpg\",\"width\":500,\"height\":500},{\"@type\":\"BreadcrumbList\",\"@id\":\"https:\/\/educativosmeninheira.com\/materialeducativo\/producto\/loungefly-x-star-wars-death-star-mini-mochila\/#breadcrumb\",\"itemListElement\":[{\"@type\":\"ListItem\",\"position\":1,\"name\":\"Home\",\"item\":\"https:\/\/educativosmeninheira.com\/materialeducativo\/\"},{\"@type\":\"ListItem\",\"position\":2,\"name\":\"Material Educativo\",\"item\":\"https:\/\/educativosmeninheira.com\/materialeducativo\/\"},{\"@type\":\"ListItem\",\"position\":3,\"name\":\"Loungefly x Star Wars Death Star Mini Mochila\"}]},{\"@type\":\"WebSite\",\"@id\":\"https:\/\/educativosmeninheira.com\/materialeducativo\/#website\",\"url\":\"https:\/\/educativosmeninheira.com\/materialeducativo\/\",\"name\":\"Material Educativo\",\"description\":\"Materiales complementarios para los imprimibles de Educativos meninheira\",\"publisher\":{\"@id\":\"https:\/\/educativosmeninheira.com\/materialeducativo\/#organization\"},\"potentialAction\":[{\"@type\":\"SearchAction\",\"target\":{\"@type\":\"EntryPoint\",\"urlTemplate\":\"https:\/\/educativosmeninheira.com\/materialeducativo\/?s={search_term_string}\"},\"query-input\":\"required name=search_term_string\"}],\"inLanguage\":\"es\"},{\"@type\":\"Organization\",\"@id\":\"https:\/\/educativosmeninheira.com\/materialeducativo\/#organization\",\"name\":\"Material Educativo\",\"url\":\"https:\/\/educativosmeninheira.com\/materialeducativo\/\",\"logo\":{\"@type\":\"ImageObject\",\"inLanguage\":\"es\",\"@id\":\"https:\/\/educativosmeninheira.com\/materialeducativo\/#\/schema\/logo\/image\/\",\"url\":\"https:\/\/educativosmeninheira.com\/materialeducativo\/wp-content\/uploads\/2021\/03\/LOGO-Educativos-meninheira-big.png\",\"contentUrl\":\"https:\/\/educativosmeninheira.com\/materialeducativo\/wp-content\/uploads\/2021\/03\/LOGO-Educativos-meninheira-big.png\",\"width\":2018,\"height\":920,\"caption\":\"Material Educativo\"},\"image\":{\"@id\":\"https:\/\/educativosmeninheira.com\/materialeducativo\/#\/schema\/logo\/image\/\"}}]}<\/script>\n<!-- \/ Yoast SEO plugin. -->","yoast_head_json":{"title":"Loungefly x Star Wars Death Star Mini Mochila - Material Educativo","robots":{"index":"index","follow":"follow","max-snippet":"max-snippet:-1","max-image-preview":"max-image-preview:large","max-video-preview":"max-video-preview:-1"},"canonical":"https:\/\/educativosmeninheira.com\/materialeducativo\/producto\/loungefly-x-star-wars-death-star-mini-mochila\/","og_locale":"es_ES","og_type":"article","og_title":"Loungefly x Star Wars Death Star Mini Mochila - Material Educativo","og_description":"Piel sint\u00e9tica con apliques cortados con l\u00e1ser y detalles bordados. Se limpia con un pa\u00f1o. Interior totalmente forrado, impreso; el interior cuenta con un bolsillo con cremallera.","og_url":"https:\/\/educativosmeninheira.com\/materialeducativo\/producto\/loungefly-x-star-wars-death-star-mini-mochila\/","og_site_name":"Material Educativo","article_modified_time":"2023-04-06T04:11:26+00:00","og_image":[{"width":500,"height":500,"url":"https:\/\/educativosmeninheira.com\/materialeducativo\/wp-content\/uploads\/https:\/\/m.media-amazon.com\/images\/I\/41Ll4-mt7jL.jpg","type":"image\/jpeg"}],"twitter_card":"summary_large_image","schema":{"@context":"https:\/\/schema.org","@graph":[{"@type":"WebPage","@id":"https:\/\/educativosmeninheira.com\/materialeducativo\/producto\/loungefly-x-star-wars-death-star-mini-mochila\/","url":"https:\/\/educativosmeninheira.com\/materialeducativo\/producto\/loungefly-x-star-wars-death-star-mini-mochila\/","name":"Loungefly x Star Wars Death Star Mini Mochila - Material Educativo","isPartOf":{"@id":"https:\/\/educativosmeninheira.com\/materialeducativo\/#website"},"primaryImageOfPage":{"@id":"https:\/\/educativosmeninheira.com\/materialeducativo\/producto\/loungefly-x-star-wars-death-star-mini-mochila\/#primaryimage"},"image":{"@id":"https:\/\/educativosmeninheira.com\/materialeducativo\/producto\/loungefly-x-star-wars-death-star-mini-mochila\/#primaryimage"},"thumbnailUrl":"https:\/\/educativosmeninheira.com\/materialeducativo\/wp-content\/uploads\/https:\/\/m.media-amazon.com\/images\/I\/41Ll4-mt7jL.jpg","datePublished":"2021-04-03T08:56:34+00:00","dateModified":"2023-04-06T04:11:26+00:00","breadcrumb":{"@id":"https:\/\/educativosmeninheira.com\/materialeducativo\/producto\/loungefly-x-star-wars-death-star-mini-mochila\/#breadcrumb"},"inLanguage":"es","potentialAction":[{"@type":"ReadAction","target":["https:\/\/educativosmeninheira.com\/materialeducativo\/producto\/loungefly-x-star-wars-death-star-mini-mochila\/"]}]},{"@type":"ImageObject","inLanguage":"es","@id":"https:\/\/educativosmeninheira.com\/materialeducativo\/producto\/loungefly-x-star-wars-death-star-mini-mochila\/#primaryimage","url":"https:\/\/educativosmeninheira.com\/materialeducativo\/wp-content\/uploads\/https:\/\/m.media-amazon.com\/images\/I\/41Ll4-mt7jL.jpg","contentUrl":"https:\/\/educativosmeninheira.com\/materialeducativo\/wp-content\/uploads\/https:\/\/m.media-amazon.com\/images\/I\/41Ll4-mt7jL.jpg","width":500,"height":500},{"@type":"BreadcrumbList","@id":"https:\/\/educativosmeninheira.com\/materialeducativo\/producto\/loungefly-x-star-wars-death-star-mini-mochila\/#breadcrumb","itemListElement":[{"@type":"ListItem","position":1,"name":"Home","item":"https:\/\/educativosmeninheira.com\/materialeducativo\/"},{"@type":"ListItem","position":2,"name":"Material Educativo","item":"https:\/\/educativosmeninheira.com\/materialeducativo\/"},{"@type":"ListItem","position":3,"name":"Loungefly x Star Wars Death Star Mini Mochila"}]},{"@type":"WebSite","@id":"https:\/\/educativosmeninheira.com\/materialeducativo\/#website","url":"https:\/\/educativosmeninheira.com\/materialeducativo\/","name":"Material Educativo","description":"Materiales complementarios para los imprimibles de Educativos meninheira","publisher":{"@id":"https:\/\/educativosmeninheira.com\/materialeducativo\/#organization"},"potentialAction":[{"@type":"SearchAction","target":{"@type":"EntryPoint","urlTemplate":"https:\/\/educativosmeninheira.com\/materialeducativo\/?s={search_term_string}"},"query-input":"required name=search_term_string"}],"inLanguage":"es"},{"@type":"Organization","@id":"https:\/\/educativosmeninheira.com\/materialeducativo\/#organization","name":"Material Educativo","url":"https:\/\/educativosmeninheira.com\/materialeducativo\/","logo":{"@type":"ImageObject","inLanguage":"es","@id":"https:\/\/educativosmeninheira.com\/materialeducativo\/#\/schema\/logo\/image\/","url":"https:\/\/educativosmeninheira.com\/materialeducativo\/wp-content\/uploads\/2021\/03\/LOGO-Educativos-meninheira-big.png","contentUrl":"https:\/\/educativosmeninheira.com\/materialeducativo\/wp-content\/uploads\/2021\/03\/LOGO-Educativos-meninheira-big.png","width":2018,"height":920,"caption":"Material Educativo"},"image":{"@id":"https:\/\/educativosmeninheira.com\/materialeducativo\/#\/schema\/logo\/image\/"}}]}},"_links":{"self":[{"href":"https:\/\/educativosmeninheira.com\/materialeducativo\/wp-json\/wp\/v2\/product\/860"}],"collection":[{"href":"https:\/\/educativosmeninheira.com\/materialeducativo\/wp-json\/wp\/v2\/product"}],"about":[{"href":"https:\/\/educativosmeninheira.com\/materialeducativo\/wp-json\/wp\/v2\/types\/product"}],"replies":[{"embeddable":true,"href":"https:\/\/educativosmeninheira.com\/materialeducativo\/wp-json\/wp\/v2\/comments?post=860"}],"version-history":[{"count":2,"href":"https:\/\/educativosmeninheira.com\/materialeducativo\/wp-json\/wp\/v2\/product\/860\/revisions"}],"predecessor-version":[{"id":956,"href":"https:\/\/educativosmeninheira.com\/materialeducativo\/wp-json\/wp\/v2\/product\/860\/revisions\/956"}],"wp:featuredmedia":[{"embeddable":true,"href":"https:\/\/educativosmeninheira.com\/materialeducativo\/wp-json\/wp\/v2\/media\/862"}],"wp:attachment":[{"href":"https:\/\/educativosmeninheira.com\/materialeducativo\/wp-json\/wp\/v2\/media?parent=860"}],"wp:term":[{"taxonomy":"product_cat","embeddable":true,"href":"https:\/\/educativosmeninheira.com\/materialeducativo\/wp-json\/wp\/v2\/product_cat?post=860"},{"taxonomy":"product_tag","embeddable":true,"href":"https:\/\/educativosmeninheira.com\/materialeducativo\/wp-json\/wp\/v2\/product_tag?post=860"}],"curies":[{"name":"wp","href":"https:\/\/api.w.org\/{rel}","templated":true}]}}